{"id":412,"date":"2016-11-28T16:45:05","date_gmt":"2016-11-28T15:45:05","guid":{"rendered":"https:\/\/www.sibyllekaminski.de\/coaching-koeln\/?page_id=412"},"modified":"2026-02-16T11:03:49","modified_gmt":"2026-02-16T10:03:49","slug":"vita","status":"publish","type":"page","link":"https:\/\/www.sibyllekaminski.de\/coaching-koeln\/vita","title":{"rendered":"Vita"},"content":{"rendered":"<div class=\"row\">\n<div class=\"small-12 medium-6 columns nopad\">\n<h3>Sibylle Kaminski (Senior Professional Coach, Jg. 1964)<\/h3>\n<p><strong>Seit 2004:<\/strong> Selbstst\u00e4ndige Unternehmensberaterin f\u00fcr Freie Berufe<br \/>\nSystemischer Business- und Management-Coach<br \/>\nDozentin f\u00fcr Kommunikation<br \/>\nTrainerin f\u00fcr Souver\u00e4nit\u00e4t, Agiles mindset, Resilienz, Embodiment<\/p>\n<p>Autorin von: &#8222;<a href=\"https:\/\/www.sibyllekaminski.de\/coaching-koeln\/buch-der-kleine-jobcoach\">Der kleine Jobcoach<\/a> &#8211; Mehr Gelassenheit, weniger Konflikte, bessere Durchsetzung&#8220;<\/p>\n<p>Botschafterin des &#8222;European Network of Female Entrepreneurship Ambassadors&#8220;<br \/>\n<a href=\"https:\/\/www.sibyllekaminski.de\/coaching-koeln\/wp-content\/uploads\/2016\/11\/UrkundeBotschafterin.pdf\" target=\"_blank\" rel=\"noopener noreferrer\">Urkunde (pdf)<\/a><\/p>\n<p>Mitglied im <a href=\"http:\/\/xzsyq.mjt.lu\/lnk\/AM4AAGzAKkcAAAAAAAAAAKpA2r4AAYCrZvgAAAAAABIujABehxKtQGwDOxx7R2GdUH7cI0TsJwASM84\/2\/qP3ybZ4RTprnmGkXEE6VbQ\/aHR0cHM6Ly93d3cudmdzZC5kZS8\">Verband der Gr\u00fcnder und Selbstst\u00e4ndigen Deutschland (VGSD) e.V.<\/a><\/p>\n<p>im Netzwerk K\u00f6lner Unternehmensberaterinnen <a href=\"https:\/\/www.koelner-forum.de\/\">K\u00f6lner Forum<\/a><\/p>\n<p>&nbsp;<\/p>\n<\/div>\n<div class=\"small-12 medium-6 columns nopad text-right noright\">\n<div style=\"align-right;text-align: right; padding-top: 16px;\"><a href=\"https:\/\/www.sibyllekaminski.de\/coaching-koeln\/referenzen\">Referenzen und Feedback<\/a><\/div>\n<div style=\"align-right;text-align: right; padding-top: 16px;\"><a href=\"https:\/\/www.sibyllekaminski.de\/coaching-koeln\/wp-content\/uploads\/2016\/11\/frau_tv_multitasking.pdf\" target=\"_blank\" rel=\"noopener noreferrer\">Sibylle Kaminski im WDR Fernsehen (pdf)<\/a><br \/>\n<a href=\"http:\/\/www.karrierefaktor.de\/5-fragen-an-sibylle-kaminski-29655\/#.VCUzcBZvn22\" target=\"_blank\" rel=\"noopener noreferrer\">5 Fragen an Sibylle Kaminski (karrierefaktor.de)<\/a><\/p>\n<p style=\"display: inline; color: #a31515;\">WDR 1Live Radiobeitrag &#8222;Multitasking&#8220; (mp3, ca. 3 Minuten):<\/p>\n<p><audio id=\"1\" style=\"padding-top: 12px;\" src=\"https:\/\/www.sibyllekaminski.de\/coaching-koeln\/wp-content\/uploads\/2016\/11\/multitasking.mp3\" preload=\"none\" controls=\"controls\"><\/audio><\/p>\n<\/div>\n<\/div>\n<\/div>\n<div class=\"row\">\n<div class=\"small-12 medium-6 columns nopad\">\n<h3>Ausbildung Systemischer Business Coach \/ Systemischer Life Coach<\/h3>\n<p><strong>Kasseler Institut f\u00fcr Organisationsentwicklung<br \/>\n<\/strong>\u00a0<strong>2004-2005<\/strong><\/p>\n<p>&#8222;In unseren Ausbildungen lernen die Teilnehmenden Systemisches Denken, l\u00f6sungsorientierte Gespr\u00e4chsformate, ressourcenorientiertes Vorgehen. Doch erfolgreiches Coaching\/Beratung erfordert mehr als den blo\u00dfen Einsatz von Techniken. Die Wirkung des Beraters\/Coachs kommt aus seiner Haltung, die er den Menschen und der Situation gegen\u00fcber hat. Sie hat mit Respekt und Reife zu tun und der Gabe, das Wesentliche auch in komplexen Situationen zu erkennen und danach zu handeln.&#8220; (Christine Knauf)<\/p>\n<h3>Ausbildung Systemisch-integrativer Gesundheitscoach<\/h3>\n<p><strong>Wieslocher Institut f\u00fcr systemische L\u00f6sungen<\/strong> (Dr. Diana Drexler)<strong><br \/>\n2010<br \/>\n<\/strong><\/p>\n<p><span id=\"HGText1_DetailsView1_Label1\">Die Theorie- und Methodentools basieren auf einem ressourcenorientierten, systemisch-integrativen Verst\u00e4ndnis stressbedingter Probleme und beinhalten unterschiedliche Schwerpunkte von Belastungsbew\u00e4ltigung (k\u00f6rperlich, kognitiv, emotional). <\/span><\/p>\n<\/div>\n<div class=\"small-12 medium-6 columns text-right nopad noright\">\n<h3>&#8222;Seit Beginn meiner Berufst\u00e4tigkeit forsche ich nach den Faktoren f\u00fcr Erfolg. Ein agiles mindset, souver\u00e4nes Auftreten und Gelassenheit sind ausschlaggebend.&#8220;<br \/>\n<span style=\"font-size: 10pt;\">(Sibylle Kaminski)<\/span><\/h3>\n<p><img loading=\"lazy\" decoding=\"async\" width=\"513\" height=\"700\" class=\"alignnone size-full wp-image-1561\" style=\"max-width: 300px;\" src=\"https:\/\/www.sibyllekaminski.de\/coaching-koeln\/wp-content\/uploads\/Sibylle_Kaminski_Foto.jpg\" \/><\/p>\n<\/div>\n<\/div>\n<div class=\"row\">\n<div class=\"small-12 medium-6 columns nopad\">\n<h3>Weiterbildungen, Workshops, Selbststudium:<\/h3>\n<ul>\n<li>Regelm\u00e4\u00dfige Supervision sowie Intervision zur Sicherung der Beratungsqualit\u00e4t<\/li>\n<li><strong>Agiler Coach\/ Scrum Master<\/strong> \u2013 ineko Institut der Universit\u00e4t zu K\u00f6ln<\/li>\n<li><strong>Business Mastery Programm<\/strong> &#8211; passion&amp;profit GmbH<\/li>\n<li><strong>Unternehmerische Planungsmethoden<\/strong> \u2013 Helfrecht Unternehmerzentrum, Bad Alexanderbad<\/li>\n<li>Kompetenzmanagement und Personalentwicklung in KMU \u2013 Bildungswerk der Hessischen Wirtschaft<\/li>\n<li><strong>Rhetorik und Kommunikation<\/strong> \u2013 Medienakademie K\u00f6ln<\/li>\n<li><strong>Moderations- und Pr\u00e4sentationstechniken<\/strong>\u00a0 \u2013\u00a0 Frauenbildungshaus Z\u00fclpich \/ Lauterbach Communcation K\u00f6ln<\/li>\n<li><strong>Schlagfertigkeitstraining<\/strong> &#8211; Bildungsakademie des LSB Hessen<\/li>\n<li><strong>Durchsetzungsstrategien f\u00fcr Frauen<\/strong> \u2013 Frauenbildungshaus Z\u00fclpich<\/li>\n<li>Gewaltfreie Kommunikation und Konfliktbew\u00e4ltigung \u2013 Friedensbildungswerk K\u00f6ln \/ Carola Spiekermann, Trier<\/li>\n<li><strong>Contextuelles Coaching, Geld- und Beziehungstraining<\/strong> \u2013 CoachingAcademie Bielefeld<\/li>\n<li>Train the trainer <strong>Fortbildung &#8222;Sexualisierte Bel\u00e4stigung im Unternehmen&#8220;<\/strong> \u2013 bff Berlin<\/li>\n<li><strong>Fortbildung Trans* Inter* Queer<\/strong> in Sprache, Recht und Gesellschaft &#8211; Friedrich-Ebert-Stiftung, Bonn<\/li>\n<li>&#8222;Kritisches Wei\u00dfsein&#8220; \u2013 Bildungswerk Heinrich B\u00f6ll Stiftung, Berlin<\/li>\n<li><strong>Anti-Bias-Training<\/strong> \u2013 Wissenschaftsladen Bonn<\/li>\n<li>Mindful based stress reduction (<strong>MBSR<\/strong>) \u2013 Achtsamkeitstraining nach Jon Kabat-Zinn \u2013 Tatini Buunk, K\u00f6ln<\/li>\n<li>Mindful Compassion living (<strong>MBCL<\/strong>) \u2013 Mitgef\u00fchlstraining nach Christoph Germer u.a. \u2013 Ralf Braun, K\u00f6ln<\/li>\n<li><strong>Somatic release<\/strong> &#8211; Nervensystem, Selbst- und Co-Regulation &#8211; Methodik zur Aufl\u00f6sung von k\u00f6rperlichen Spannungen und Traumata &#8211; Rubin Institut, Berg.-Gladbach<\/li>\n<li><strong>Emotional Freedom Technik<\/strong> (&#8222;Klopftechnik&#8220; zur Aufl\u00f6sung von k\u00f6rperlichen u. mentalen Blockaden) \u2013 Monika Salomo, K\u00f6ln<\/li>\n<li>langj\u00e4hrige eigene Meditations- und Achtsamkeitspraxis \u2013 <strong>fortlaufende Besch\u00e4ftigung mit buddhistischer Philosophie<\/strong>, Retreats im Dharmazentrum Moehra, in Bordo\u00a0 (Italien), Exerzitien im Kloster Ehrenstein.<\/li>\n<li>Studium der <strong>Germanistik und Philosopie, Magister Artium<\/strong><\/li>\n<\/ul>\n<\/div>\n<div class=\"small-12 medium-6 columns nopad text-right noright\"><\/div>\n<\/div>\n<div class=\"row\">\n<div class=\"small-12 columns nopad\">\n<h3>Berufserfahrungen \/ Studium:<\/h3>\n<p>Von 1987 bis 2004 in der \u00d6ffentlichkeitsarbeit und im Marketing t\u00e4tig:<\/p>\n<ul>\n<li><span style=\"color: #a31515;\"><strong>1987 \u2013 1989<\/strong><\/span><br \/>\n<strong>Edition di\u00e1 Verlag und Vertrieb<\/strong> &#8211; Presse- und \u00d6ffentlichkeitsarbeit, Marketing \/ Vertrieb<\/li>\n<li><span style=\"color: #a31515;\"><strong>1989 \u2013 1991<\/strong><\/span><br \/>\n<strong>DuMont Buchverlag<\/strong> &#8211; Presse- und \u00d6ffentlichkeitsarbeit<\/li>\n<li><span style=\"color: #a31515;\"><strong>1991 \u2013 2000<\/strong><\/span><br \/>\n<strong>Studium der Germanistik und Philosophie, Magisterabschluss<\/strong><br \/>\n<strong>Westdeutscher Rundfunk<\/strong> &#8211; Redaktionsassistenz<\/li>\n<li><span style=\"color: #a31515;\"><strong>2000 \u2013 2001<\/strong><\/span><br \/>\n<strong>Westdeutscher Rundfunk<\/strong> &#8211; Event-Management, Programm-Promotion<\/li>\n<li><span style=\"color: #a31515;\"><strong>2002 \u2013 2004<\/strong><\/span><br \/>\n<strong>neues handeln<\/strong> &#8211; Beratungsgesellschaft f\u00fcr Marketing und Kommunikation im sozialen und \u00f6kologischen Bereich mbH &#8211; Projektleitung Events, Ausstellungen, Internet, Materialerstellung, Pressearbeit, Sponsoring<\/li>\n<\/ul>\n<\/div>\n<\/div>\n<div class=\"row\" id=\"iconbar\"><div class=\"small-12 medium-6 large-3 columns text-center\"><h3><a href=\"https:\/\/www.sibyllekaminski.de\/coaching-koeln\/business-managment-coaching\">Business Coaching<\/a><\/h3><a href=\"https:\/\/www.sibyllekaminski.de\/coaching-koeln\/business-managment-coaching\"><img decoding=\"async\" src=\"https:\/\/www.sibyllekaminski.de\/coaching-koeln\/wp-content\/themes\/kaminski\/img\/icon-phone-business-coaching.png\"><\/a><br>Reflexion der beruflichen Rolle und Position, Komplexit\u00e4t l\u00f6sen, Klarheit gewinnen<\/div><div class=\"small-12 medium-6 large-3 columns text-center\"><h3><a href=\"https:\/\/www.sibyllekaminski.de\/coaching-koeln\/souveraen-auftreten\">Souver\u00e4nit\u00e4t<\/a><\/h3><a href=\"https:\/\/www.sibyllekaminski.de\/coaching-koeln\/souveraen-auftreten\"><img decoding=\"async\" src=\"https:\/\/www.sibyllekaminski.de\/coaching-koeln\/wp-content\/themes\/kaminski\/img\/icon-heart-pulse-life-coaching.png\"><\/a><br>Durchsetzungsstark, pr\u00e4sent, angstfrei in herausfordernden Situationen<\/div><div class=\"small-12 medium-6 large-3 columns text-center\"><h3><a href=\"https:\/\/www.sibyllekaminski.de\/coaching-koeln\/seminare-workshops-nrw\">Workshops<\/a><\/h3><a href=\"https:\/\/www.sibyllekaminski.de\/coaching-koeln\/seminare-workshops-nrw\"><img decoding=\"async\" src=\"https:\/\/www.sibyllekaminski.de\/coaching-koeln\/wp-content\/themes\/kaminski\/img\/icon-diamond-veranstaltungen.png\"><\/a><br>Souver\u00e4nit\u00e4tstraining, genderfair Vortr\u00e4ge und Workshops, Klosterauszeit<\/div><div class=\"small-12 medium-6 large-3 columns text-center\"><h3><a href=\"https:\/\/www.sibyllekaminski.de\/coaching-koeln\/referenzen\">Referenzen<\/a><\/h3><a href=\"https:\/\/www.sibyllekaminski.de\/coaching-koeln\/referenzen\"><img decoding=\"async\" src=\"https:\/\/www.sibyllekaminski.de\/coaching-koeln\/wp-content\/themes\/kaminski\/img\/icon-star-vita.png\"><\/a><br>Kund:innen-Feedback zu Coachings, Workshops, Trainings<\/div><\/div>\n","protected":false},"excerpt":{"rendered":"<p>Sibylle Kaminski (Senior Professional Coach, Jg. 1964) Seit 2004: Selbstst\u00e4ndige Unternehmensberaterin f\u00fcr Freie Berufe Systemischer Business- und Management-Coach Dozentin f\u00fcr Kommunikation Trainerin f\u00fcr Souver\u00e4nit\u00e4t, Agiles mindset, Resilienz, Embodiment Autorin von: &#8222;Der kleine Jobcoach &#8211; Mehr Gelassenheit, weniger Konflikte, bessere Durchsetzung&#8220; Botschafterin des &#8222;European Network of Female Entrepreneurship Ambassadors&#8220; Urkunde (pdf) Mitglied im Verband der Gr\u00fcnder [&hellip;]<\/p>\n","protected":false},"author":6,"featured_media":0,"parent":0,"menu_order":0,"comment_status":"closed","ping_status":"closed","template":"","meta":{"footnotes":""},"class_list":["post-412","page","type-page","status-publish","hentry"],"yoast_head":"<!-- This site is optimized with the Yoast SEO plugin v27.5 - https:\/\/yoast.com\/product\/yoast-seo-wordpress\/ -->\n<title>Vita - Sibylle Kaminski | Lebenslauf | Berufserfahrungen<\/title>\n<meta name=\"description\" content=\"\u27a4 Vita; Lebenslauf von Sibylle Kaminski, Business Coach, Agiler Coach, Trainerin Empowerment, Resilienz, agiles mindset\" \/>\n<meta name=\"robots\" content=\"index, follow, max-snippet:-1, max-image-preview:large, max-video-preview:-1\" \/>\n<link rel=\"canonical\" href=\"https:\/\/www.sibyllekaminski.de\/coaching-koeln\/vita\" \/>\n<meta property=\"og:locale\" content=\"de_DE\" \/>\n<meta property=\"og:type\" content=\"article\" \/>\n<meta property=\"og:title\" content=\"Vita - Sibylle Kaminski | Lebenslauf | Berufserfahrungen\" \/>\n<meta property=\"og:description\" content=\"\u27a4 Vita; Lebenslauf von Sibylle Kaminski, Business Coach, Agiler Coach, Trainerin Empowerment, Resilienz, agiles mindset\" \/>\n<meta property=\"og:url\" content=\"https:\/\/www.sibyllekaminski.de\/coaching-koeln\/vita\" \/>\n<meta property=\"og:site_name\" content=\"Coaching K\u00f6ln. Sibylle Kaminski.\" \/>\n<meta property=\"article:publisher\" content=\"https:\/\/www.facebook.com\/relax.your.work\/\" \/>\n<meta property=\"article:modified_time\" content=\"2026-02-16T10:03:49+00:00\" \/>\n<meta property=\"og:image\" content=\"https:\/\/www.sibyllekaminski.de\/coaching-koeln\/wp-content\/uploads\/Sibylle_Kaminski_Foto.jpg\" \/>\n\t<meta property=\"og:image:width\" content=\"513\" \/>\n\t<meta property=\"og:image:height\" content=\"700\" \/>\n\t<meta property=\"og:image:type\" content=\"image\/jpeg\" \/>\n<meta name=\"twitter:card\" content=\"summary_large_image\" \/>\n<meta name=\"twitter:label1\" content=\"Gesch\u00e4tzte Lesezeit\" \/>\n\t<meta name=\"twitter:data1\" content=\"3\u00a0Minuten\" \/>\n<script type=\"application\/ld+json\" class=\"yoast-schema-graph\">{\"@context\":\"https:\\\/\\\/schema.org\",\"@graph\":[{\"@type\":\"WebPage\",\"@id\":\"https:\\\/\\\/www.sibyllekaminski.de\\\/coaching-koeln\\\/vita\",\"url\":\"https:\\\/\\\/www.sibyllekaminski.de\\\/coaching-koeln\\\/vita\",\"name\":\"Vita - Sibylle Kaminski | Lebenslauf | Berufserfahrungen\",\"isPartOf\":{\"@id\":\"https:\\\/\\\/www.sibyllekaminski.de\\\/coaching-koeln\\\/#website\"},\"primaryImageOfPage\":{\"@id\":\"https:\\\/\\\/www.sibyllekaminski.de\\\/coaching-koeln\\\/vita#primaryimage\"},\"image\":{\"@id\":\"https:\\\/\\\/www.sibyllekaminski.de\\\/coaching-koeln\\\/vita#primaryimage\"},\"thumbnailUrl\":\"https:\\\/\\\/www.sibyllekaminski.de\\\/coaching-koeln\\\/wp-content\\\/uploads\\\/Sibylle_Kaminski_Foto.jpg\",\"datePublished\":\"2016-11-28T15:45:05+00:00\",\"dateModified\":\"2026-02-16T10:03:49+00:00\",\"description\":\"\u27a4 Vita; Lebenslauf von Sibylle Kaminski, Business Coach, Agiler Coach, Trainerin Empowerment, Resilienz, agiles mindset\",\"breadcrumb\":{\"@id\":\"https:\\\/\\\/www.sibyllekaminski.de\\\/coaching-koeln\\\/vita#breadcrumb\"},\"inLanguage\":\"de\",\"potentialAction\":[{\"@type\":\"ReadAction\",\"target\":[\"https:\\\/\\\/www.sibyllekaminski.de\\\/coaching-koeln\\\/vita\"]}]},{\"@type\":\"ImageObject\",\"inLanguage\":\"de\",\"@id\":\"https:\\\/\\\/www.sibyllekaminski.de\\\/coaching-koeln\\\/vita#primaryimage\",\"url\":\"https:\\\/\\\/www.sibyllekaminski.de\\\/coaching-koeln\\\/wp-content\\\/uploads\\\/Sibylle_Kaminski_Foto.jpg\",\"contentUrl\":\"https:\\\/\\\/www.sibyllekaminski.de\\\/coaching-koeln\\\/wp-content\\\/uploads\\\/Sibylle_Kaminski_Foto.jpg\",\"width\":513,\"height\":700,\"caption\":\"Business- und Life Coach Sibylle Kaminski\"},{\"@type\":\"BreadcrumbList\",\"@id\":\"https:\\\/\\\/www.sibyllekaminski.de\\\/coaching-koeln\\\/vita#breadcrumb\",\"itemListElement\":[{\"@type\":\"ListItem\",\"position\":1,\"name\":\"Startseite\",\"item\":\"https:\\\/\\\/www.sibyllekaminski.de\\\/coaching-koeln\\\/\"},{\"@type\":\"ListItem\",\"position\":2,\"name\":\"Vita\"}]},{\"@type\":\"WebSite\",\"@id\":\"https:\\\/\\\/www.sibyllekaminski.de\\\/coaching-koeln\\\/#website\",\"url\":\"https:\\\/\\\/www.sibyllekaminski.de\\\/coaching-koeln\\\/\",\"name\":\"Coaching K\u00f6ln. Sibylle Kaminski.\",\"description\":\"Systemisches Business Coaching und Life Coaching in K\u00f6ln. Stressbew\u00e4ltigungsseminare. Achtsamkeitsseminar im Kloster. Durchsetzungstraining f\u00fcr Frauen.\",\"publisher\":{\"@id\":\"https:\\\/\\\/www.sibyllekaminski.de\\\/coaching-koeln\\\/#organization\"},\"potentialAction\":[{\"@type\":\"SearchAction\",\"target\":{\"@type\":\"EntryPoint\",\"urlTemplate\":\"https:\\\/\\\/www.sibyllekaminski.de\\\/coaching-koeln\\\/?s={search_term_string}\"},\"query-input\":{\"@type\":\"PropertyValueSpecification\",\"valueRequired\":true,\"valueName\":\"search_term_string\"}}],\"inLanguage\":\"de\"},{\"@type\":\"Organization\",\"@id\":\"https:\\\/\\\/www.sibyllekaminski.de\\\/coaching-koeln\\\/#organization\",\"name\":\"Erfolgswege f\u00fcr Menschen und Unternehmen\",\"url\":\"https:\\\/\\\/www.sibyllekaminski.de\\\/coaching-koeln\\\/\",\"logo\":{\"@type\":\"ImageObject\",\"inLanguage\":\"de\",\"@id\":\"https:\\\/\\\/www.sibyllekaminski.de\\\/coaching-koeln\\\/#\\\/schema\\\/logo\\\/image\\\/\",\"url\":\"https:\\\/\\\/www.sibyllekaminski.de\\\/coaching-koeln\\\/wp-content\\\/uploads\\\/2016\\\/10\\\/logo.png\",\"contentUrl\":\"https:\\\/\\\/www.sibyllekaminski.de\\\/coaching-koeln\\\/wp-content\\\/uploads\\\/2016\\\/10\\\/logo.png\",\"width\":534,\"height\":78,\"caption\":\"Erfolgswege f\u00fcr Menschen und Unternehmen\"},\"image\":{\"@id\":\"https:\\\/\\\/www.sibyllekaminski.de\\\/coaching-koeln\\\/#\\\/schema\\\/logo\\\/image\\\/\"},\"sameAs\":[\"https:\\\/\\\/www.facebook.com\\\/relax.your.work\\\/\"]}]}<\/script>\n<!-- \/ Yoast SEO plugin. -->","yoast_head_json":{"title":"Vita - Sibylle Kaminski | Lebenslauf | Berufserfahrungen","description":"\u27a4 Vita; Lebenslauf von Sibylle Kaminski, Business Coach, Agiler Coach, Trainerin Empowerment, Resilienz, agiles mindset","robots":{"index":"index","follow":"follow","max-snippet":"max-snippet:-1","max-image-preview":"max-image-preview:large","max-video-preview":"max-video-preview:-1"},"canonical":"https:\/\/www.sibyllekaminski.de\/coaching-koeln\/vita","og_locale":"de_DE","og_type":"article","og_title":"Vita - Sibylle Kaminski | Lebenslauf | Berufserfahrungen","og_description":"\u27a4 Vita; Lebenslauf von Sibylle Kaminski, Business Coach, Agiler Coach, Trainerin Empowerment, Resilienz, agiles mindset","og_url":"https:\/\/www.sibyllekaminski.de\/coaching-koeln\/vita","og_site_name":"Coaching K\u00f6ln. Sibylle Kaminski.","article_publisher":"https:\/\/www.facebook.com\/relax.your.work\/","article_modified_time":"2026-02-16T10:03:49+00:00","og_image":[{"width":513,"height":700,"url":"https:\/\/www.sibyllekaminski.de\/coaching-koeln\/wp-content\/uploads\/Sibylle_Kaminski_Foto.jpg","type":"image\/jpeg"}],"twitter_card":"summary_large_image","twitter_misc":{"Gesch\u00e4tzte Lesezeit":"3\u00a0Minuten"},"schema":{"@context":"https:\/\/schema.org","@graph":[{"@type":"WebPage","@id":"https:\/\/www.sibyllekaminski.de\/coaching-koeln\/vita","url":"https:\/\/www.sibyllekaminski.de\/coaching-koeln\/vita","name":"Vita - Sibylle Kaminski | Lebenslauf | Berufserfahrungen","isPartOf":{"@id":"https:\/\/www.sibyllekaminski.de\/coaching-koeln\/#website"},"primaryImageOfPage":{"@id":"https:\/\/www.sibyllekaminski.de\/coaching-koeln\/vita#primaryimage"},"image":{"@id":"https:\/\/www.sibyllekaminski.de\/coaching-koeln\/vita#primaryimage"},"thumbnailUrl":"https:\/\/www.sibyllekaminski.de\/coaching-koeln\/wp-content\/uploads\/Sibylle_Kaminski_Foto.jpg","datePublished":"2016-11-28T15:45:05+00:00","dateModified":"2026-02-16T10:03:49+00:00","description":"\u27a4 Vita; Lebenslauf von Sibylle Kaminski, Business Coach, Agiler Coach, Trainerin Empowerment, Resilienz, agiles mindset","breadcrumb":{"@id":"https:\/\/www.sibyllekaminski.de\/coaching-koeln\/vita#breadcrumb"},"inLanguage":"de","potentialAction":[{"@type":"ReadAction","target":["https:\/\/www.sibyllekaminski.de\/coaching-koeln\/vita"]}]},{"@type":"ImageObject","inLanguage":"de","@id":"https:\/\/www.sibyllekaminski.de\/coaching-koeln\/vita#primaryimage","url":"https:\/\/www.sibyllekaminski.de\/coaching-koeln\/wp-content\/uploads\/Sibylle_Kaminski_Foto.jpg","contentUrl":"https:\/\/www.sibyllekaminski.de\/coaching-koeln\/wp-content\/uploads\/Sibylle_Kaminski_Foto.jpg","width":513,"height":700,"caption":"Business- und Life Coach Sibylle Kaminski"},{"@type":"BreadcrumbList","@id":"https:\/\/www.sibyllekaminski.de\/coaching-koeln\/vita#breadcrumb","itemListElement":[{"@type":"ListItem","position":1,"name":"Startseite","item":"https:\/\/www.sibyllekaminski.de\/coaching-koeln\/"},{"@type":"ListItem","position":2,"name":"Vita"}]},{"@type":"WebSite","@id":"https:\/\/www.sibyllekaminski.de\/coaching-koeln\/#website","url":"https:\/\/www.sibyllekaminski.de\/coaching-koeln\/","name":"Coaching K\u00f6ln. Sibylle Kaminski.","description":"Systemisches Business Coaching und Life Coaching in K\u00f6ln. Stressbew\u00e4ltigungsseminare. Achtsamkeitsseminar im Kloster. Durchsetzungstraining f\u00fcr Frauen.","publisher":{"@id":"https:\/\/www.sibyllekaminski.de\/coaching-koeln\/#organization"},"potentialAction":[{"@type":"SearchAction","target":{"@type":"EntryPoint","urlTemplate":"https:\/\/www.sibyllekaminski.de\/coaching-koeln\/?s={search_term_string}"},"query-input":{"@type":"PropertyValueSpecification","valueRequired":true,"valueName":"search_term_string"}}],"inLanguage":"de"},{"@type":"Organization","@id":"https:\/\/www.sibyllekaminski.de\/coaching-koeln\/#organization","name":"Erfolgswege f\u00fcr Menschen und Unternehmen","url":"https:\/\/www.sibyllekaminski.de\/coaching-koeln\/","logo":{"@type":"ImageObject","inLanguage":"de","@id":"https:\/\/www.sibyllekaminski.de\/coaching-koeln\/#\/schema\/logo\/image\/","url":"https:\/\/www.sibyllekaminski.de\/coaching-koeln\/wp-content\/uploads\/2016\/10\/logo.png","contentUrl":"https:\/\/www.sibyllekaminski.de\/coaching-koeln\/wp-content\/uploads\/2016\/10\/logo.png","width":534,"height":78,"caption":"Erfolgswege f\u00fcr Menschen und Unternehmen"},"image":{"@id":"https:\/\/www.sibyllekaminski.de\/coaching-koeln\/#\/schema\/logo\/image\/"},"sameAs":["https:\/\/www.facebook.com\/relax.your.work\/"]}]}},"_links":{"self":[{"href":"https:\/\/www.sibyllekaminski.de\/coaching-koeln\/wp-json\/wp\/v2\/pages\/412","targetHints":{"allow":["GET"]}}],"collection":[{"href":"https:\/\/www.sibyllekaminski.de\/coaching-koeln\/wp-json\/wp\/v2\/pages"}],"about":[{"href":"https:\/\/www.sibyllekaminski.de\/coaching-koeln\/wp-json\/wp\/v2\/types\/page"}],"author":[{"embeddable":true,"href":"https:\/\/www.sibyllekaminski.de\/coaching-koeln\/wp-json\/wp\/v2\/users\/6"}],"replies":[{"embeddable":true,"href":"https:\/\/www.sibyllekaminski.de\/coaching-koeln\/wp-json\/wp\/v2\/comments?post=412"}],"version-history":[{"count":139,"href":"https:\/\/www.sibyllekaminski.de\/coaching-koeln\/wp-json\/wp\/v2\/pages\/412\/revisions"}],"predecessor-version":[{"id":3626,"href":"https:\/\/www.sibyllekaminski.de\/coaching-koeln\/wp-json\/wp\/v2\/pages\/412\/revisions\/3626"}],"wp:attachment":[{"href":"https:\/\/www.sibyllekaminski.de\/coaching-koeln\/wp-json\/wp\/v2\/media?parent=412"}],"curies":[{"name":"wp","href":"https:\/\/api.w.org\/{rel}","templated":true}]}}